. Let h(n) = -n - 1 - n**2 + 7*n**2 + 6*n - n**3 + 2*n**2. Is h(l) composite?
False
Let u(w) = w**3 + 31*w**2 - 65*w - 14. Let j be u(-33). Suppose -s + 0*y + 2*y = 490, 6 = 2*y. Let h = j - s. Is h a composite number?
True
Let c = -28 + 33. Suppose 2*d - c*d + 2469 = 0. Let w = d - -936. Is w a composite number?
False
Suppose m + 34226 = n, 873*m = -2*n + 869*m + 68470. Is n a prime number?
False
Let f = -54 + 56. Let j(t) = 39*t**2 - f - 7*t + 15*t**2 + 0. Is j(5) a composite number?
True
Suppose 85 = i + 91. Is 5042/(-8)*(2 + i) composite?
False
Let l be (-285)/(-2)*6/9. Suppose -100*s + l*s = -28315. Is s prime?
False
Let d = 642451 - 223898. Is d a composite number?
False
Let k(l) = -286*l + 189. Let a(y) = -286*y + 189. Let h(g) = -2*a(g) + 3*k(g). Is h(-25) a prime number?
False
Let u(y) = y - 5. Let k be u(11). Suppose -2 = k*i + 10. Is (5357/5 + i)/(7/35) a prime number?
True
Let g(s) = 1118 + 63*s**2 + 55*s**2 - 1109 + 4*s. Is g(-5) composite?
False
Let f(t) = -333*t**3 - 3*t**2 - 7*t + 19. Let b be f(3). Let q = -5031 - b. Is q composite?
False
Suppose -6747911 = -156*q + 10852897 - 5401140. Is q a composite number?
False
Let u(n) = -4457*n**3 - 6*n**2 - 72*n - 22. Is u(-7) composite?
False
Suppose 0 = -j - 10*j. Suppose -3*u = m - 5844, j*u + m = 3*u - 5850. Is u composite?
False
Let l(b) = -5*b**3 - 2*b**2 + 9*b + 11. Let g(d) = -d**3 - 6*d**2 - 3*d + 12. Let h be g(-4). Is l(h) a prime number?
True
Let s be (-2)/10 + (15978/15 - 0). Suppose -3*g - 2*g = -s. Is g a composite number?
True
Let b be (-1096)/6*3306/(-152). Let v = 2932 + b. Is v prime?
False
Let l = 449735 + -185148. Is l a prime number?
False
Let v be (1 - -2) + 108/6. Suppose -99243 = 12*k - v*k. Is k a prime number?
True
Let v(w) = 370411*w**2 - 94*w + 92. Is v(1) composite?
True
Let x(j) = -16*j - 11*j + 5 + 14 - j. Is x(-7) prime?
False
Suppose 3*q + 2*l - 888805 = 0, -5*l - 296274 = 8*q - 9*q. Is q a prime number?
True
Suppose -y + 83091 - 27325 = -a, 0 = 5*y + 5*a - 278800. Is y composite?
False
Let v be 0/(-7) - 0*(-2)/6. Suppose -4*p + 4932 + 656 = v. Is p a prime number?
False
Suppose 51*f - 1285900 = 371700 + 604301. Is f a composite number?
False
Let f(n) = 4*n**2 + 2*n + 4. Let t be f(-1). Suppose v - t*v - 4*g = -2, -6 = 2*v + 5*g. Suppose -2*o = o + 3*m - 15009, -v*m = 0. Is o prime?
True
Suppose -1798 = -2*q - f, q + 236 = 3*f + 1149. Suppose -o = -3*k - q, -29*o = -27*o + k - 1802. Is o prime?
False
Suppose 42*t = 12*t - 30. Is (-98261)/(-97) + 4/(t + 0) a composite number?
False
Is (-19535135)/95*2/(-2) prime?
True
Is 3/((-144950)/(-1375942) + -3*12/342) composite?
False
Let v be 0/(1 - -2) + 1 + 1. Suppose v*w + 564 = 3686. Is w composite?
True
Let n = -19 + 19. Suppose 4*g - 6 = -2*c - n*c, -g = 0. Suppose 4*d - 38 + 0 = -c*b, -3*d = b - 21. Is b prime?
False
Suppose -58*c = 28673 - 283467. Is c a prime number?
False
Let o(i) = -i**3 - 10*i**2 + 11*i + 2. Let d be o(-11). Suppose -4*r + 3 = d*h - 3*h, -2*h + 2*r - 24 = 0. Is h/(-20) - (-5954)/8 prime?
False
Let b(m) = 649*m - 178. Let f be b(-5). Let q = 6400 + f. Is q a prime number?
False
Suppose 0 = y + 3*x - 3 - 4, 5*x + 15 = 0. Suppose -y*o + 65 = 17. Suppose u - 5*n = -o*u + 6849, 3*n - 6809 = -4*u. Is u a prime number?
False
Suppose -x = 4*x - c - 30, 3*x - 5 = -2*c. Suppose -x*f = -0*f - 21055. Is f composite?
False
Suppose 2*c + 474106 = 4*g, 5*c = 5*g - 326311 - 266309. Is g prime?
True
Let t(h) = 2711*h**2 - 2693*h**2 - 15 - 16*h + 3*h. Is t(16) a composite number?
True
Let m = -59 - -64. Suppose 0 = v - m*b - 17 - 187, 5*b - 5 = 0. Suppose -v = -d + 312. Is d a composite number?
False
Let a(j) be the second derivative of -j**3/3 + 14*j**2 + 29*j. Let k be a(17). Let r(l) = 27*l**2 - 7*l - 37. Is r(k) a composite number?
False
Let g(a) = 13*a + 394. Let m be g(-22). Suppose m*x = 110*x + l - 3781, 5*l + 25 = 0. Is x composite?
True
Let p(b) = -111*b - 592. Let l be p(-6). Suppose x + 26 = -4*j - 64, -2*x = 5*j + 111. Let r = j + l. Is r a composite number?
True
Is (-406247)/(-4) - 1071/1428 composite?
False
Suppose -5*c = -14 - 16. Suppose -852 = c*b - 3234. Is b composite?
False
Suppose -f - m - 99 = 3*f, 0 = -3*f - m - 74. Let h(u) = u + 59. Is h(f) composite?
True
Suppose -7253983 = -15*x + 344166 + 2628386. Is x prime?
False
Let r = 3316 - 1306. Suppose -4*p = 1132 + 1384. Let l = r + p. Is l a composite number?
False
Suppose -5*n + 4*n + 4*c = -184143, -920715 = -5*n + 3*c. Is n prime?
False
Let x(o) = -8*o**3 + 23*o**2 + 161*o - 277. Is x(-42) composite?
True
Let z(n) = -38*n**2 + 1 + 15 - 7*n**3 + 41*n**2 - 6 - 3*n. Let c be z(5). Let k = 1388 + c. Is k a composite number?
True
Let y = -898313 - -1427572. Is y composite?
False
Suppose -50*c + 1285443 = -41*c. Is c a prime number?
False
Let z(l) = 31*l**2 - 7*l - 15. Let u(r) = -r. Let c be u(2). Is z(c) composite?
True
Suppose 105*w - 51*w = 60*w - 212034. Is w prime?
True
Let c = -9 - -13. Suppose -210*y + 216*y = 8844. Suppose c*r - 7*t - 2948 = -2*t, 5*t = 2*r - y. Is r a composite number?
True
Is 6/(-4)*((-48073472)/(-12))/(-32) a composite number?
False
Let b = -78 + 83. Suppose -5*v + 6*d + 8967 = b*d, 0 = -2*d - 4. Is v composite?
True
Suppose -7*p - 7200 = -31840. Suppose h - 5*q = 3*h - 1778, q - p = -4*h. Is h composite?
True
Suppose 598 = u + 598. Suppose 2*x - 7*x + 63415 = u. Is x composite?
True
Let w(x) = 13351*x**2 + 566*x - 1135. Is w(2) composite?
False
Suppose -p + 1084791 + 34568 = 5*y, -4*y - 5*p = -895504. Is y composite?
True
Is 77765202/80 - 489/19560 a prime number?
False
Let c(j) = -j**2 - 8*j - 9. Let k be c(-6). Let i be k/((-9)/10)*18/(-10). Suppose 0 = 5*z - i*z + 641. Is z composite?
False
Let h(q) = 62637*q**2 - 44*q + 52. Is h(3) prime?
False
Let f = 3295 + -2122. Let l(y) = y**3 - 2*y**2. Let k be l(2). Suppose 5*v + g = 4*g + 1951, k = 3*v - 3*g - f. Is v prime?
True
Suppose 75*f - 2350719 = 574356. Is f a composite number?
True
Let n = -6 - -8. Suppose 2*f - 192 = n*b, 3*f - 3*b = -b + 287. Is f a composite number?
True
Suppose -207118 = -19*t - 10*t - 29*t. Is t prime?
True
Let j(r) = -18*r**3 + 3*r**2 + 4*r - 12. Let d be -3 + 3 + -7 + 2. Is j(d) a prime number?
True
Let k = -30937 + 66608. Is k prime?
True
Suppose 0 = -2*b + 42 - 32. Suppose -5*c + 4*x + 46461 = 0, -c - b*x = -3*x - 9281. Is c a prime number?
False
Let q(r) = -10*r**3 - 3*r**2 + 28*r - 151. Is q(-14) a composite number?
False
Suppose -3*r = 2*x + 1 + 11, 3*x + 5 = 2*r. Let o(f) = -1034*f - 17. Is o(r) prime?
False
Let l = 500439 + -268396. Is l a prime number?
False
Let f be 1/(3/3828) - 4. Suppose -4*t - 3756 = -v, -2*t + v = 606 + f. Let n = 2188 + t. Is n a composite number?
False
Suppose -48239 = -11*w - 160318. Let i = -5322 - w. Is i a composite number?
True
Suppose 3*q - 2*d - 231 = -2*q, -2*d - 186 = -4*q. Suppose q*z - 10477 = 44*z. Is z composite?
False
Let u(m) = -24*m - 28. Let t(a) = a + 1. Let j(v) = -t(v) - u(v). Let d be (-2556)/3408 + (0 - 23/(-4)*1). Is j(d) a composite number?
True
Suppose -4*i - h = -10, i - 2*h - 1 = -3*h. Suppose -i*q + 21499 = -28865. Suppose 0 = 7*j - j - q. Is j a composite number?
True
Let y = -157 - -253. Suppose -4*k = -4*j + y, 0*j - 4 = -2*j. Is 1564 + -1 - (-26 - k) a prime number?
True
Let p = 73 - -549. Suppose -108318 = -p*v + 616*v. Is v a prime number?
False
Suppose 4*v - 9*w = -7*w + 32, -18 = -2*v + 2*w. Let l(b) = -57*b**2 + 12*b - 8. Let r(s) = -170*s**2 + 35*s - 23. Let u(g) = 11*l(g) - 4*r(g). Is u(v) prime?
False
Let y = -33483 - -49865. Let p be -2 - (2 - y)/(-5). Is (p/4)/(10/(-20)) prime?
False
Suppose -2380 = -4*b + 6*b. Let j = 4129 + b. Is j a composite number?
False
Suppose -3*x + d + 69436 = -d, -3*x = 5*d - 69401. Suppose 5112 + x = 4*y - 5*v, 28246 = 4*y - v. Is y a composite number?
True
Suppose -115*q + 118*q - 92560 = -4*h, 5*h = 5*q + 115665. Is h a prime number?
False
Let t(k) be the first derivative of 16*k**3/3 - 5*k**2 - 119*k + 135. Is t(-20) a prime number?
True
Let t(z) = 12*z**2 + 6*z - 5. Suppose -8*x + 6*x - 18 = 0. Let v(l) = -l**2 - 11*l - 12. Let b be v(x). Is t(b) a composite number?
False
Let d(m) = 39728*m - 1475. Is d(9) a prime number?
True
Suppose 52*r = 148*r - 5014752. Is r a prime number?
True
Let d = -140737 - -232779. Is d a